ommon factor of j and r.
18
Let d = 515 - 299. Suppose -14*j = -470 - d. Calculate the highest common divisor of 245 and j.
49
Let j = 6788 + -1496. Calculate the greatest common divisor of 84 and j.
84
Suppose 3*p - 11 = a - 28, -5*a + 5*p = -35. Let z(i) = -2*i + 3 + 1 - 78*i**2 + 98*i**2. Let k be z(a). What is the greatest common divisor of k and 16?
16
Suppose 4*l - 328*v - 43290 = -331*v, 10819 = l - v. What is the greatest common divisor of l and 3?
3
Suppose 6552 = 208*t - 195*t. What is the highest common factor of 16 and t?
8
Suppose 11 - 2 = 3*q - 5*w, -4*q - 2*w + 12 = 0. Suppose 3*k = 3*h - 0*h + 66, q*k + 2*h = 56. What is the greatest common divisor of k and 20?
20
Let c = 2151 - 2162. Let v(x) = 12*x**2 + x**3 + 5*x - 4*x - 10 + 6*x. Let a be v(c). What is the highest common divisor of 136 and a?
34
Let i(z) = z + 89. Let t be i(0). Let l(x) = 6*x**3 - 2*x**2 + 2*x - 1. Let s be l(1). Suppose -s*a - t = -539. What is the highest common divisor of a and 10?
10
Let w = -5901 - -11837. Calculate the greatest common divisor of 42 and w.
14
Suppose t - 42 = -6*t. Let f = -534 - -573. Calculate the greatest common divisor of f and t.
3
Let q = 2948 + -1988. Calculate the greatest common factor of q and 210.
30
Let d(n) = n**2 + 13*n + 31. Let f be d(-14). Let t be ((-213)/9 + -3)*(-108)/f. What is the greatest common divisor of t and 32?
32
Suppose -37 = -4*s - 5*q, -4*s + 24 = -3*q - 5. Suppose 921 = s*x + 249. What is the greatest common factor of x and 1092?
84
Let a be 5/((-5)/(-801)) + -9. What is the highest common factor of 648 and a?
72
Let g = 73 - -30. Suppose -a + 38 = 2*t, 2*a - 4*t = t + g. Let k(h) = -159*h + 34. Let j be k(-2). What is the greatest common factor of j and a?
44
Let j(g) = 3*g**2 - 750*g + 11329. Let l be j(15). What is the highest common divisor of l and 406?
58
Let t = -158 - -165. Let s = -12 - -103. What is the highest common factor of t and s?
7
Suppose 177*w - 71835 = 41091. What is the highest common divisor of w and 1798?
58
Suppose 0 = -4*q + 9*g - 11*g + 72406, -15 = -5*g. What is the greatest common factor of 100 and q?
100
Let i(h) = -h**3 - 5*h**2 + 3*h + 17. Let z be i(-5). Suppose -z*r = 4*k - 64, 7*k - 80 = 2*k - 2*r. What is the greatest common factor of 80 and k?
16
Let n(z) = 27*z - 38. Let r be n(-7). Let f = r - -269. What is the highest common divisor of f and 42?
42
Suppose -f = l - 27, 0 = 4*f - 6*l + l - 153. Let t be 2*2*1/2. Suppose 76 = t*z - 84. What is the highest common divisor of z and f?
16
Let w be (-26 + 2)*(-46)/6. Let i(d) = -d**2 + 4*d + 32. Let o be i(8). Suppose 2*p + w - 920 = o. What is the greatest common divisor of 46 and p?
46
Suppose -481 + 487 = 2*b, 0 = -3*t - b + 3567. Calculate the greatest common factor of t and 462.
66
Let r = 101 + -28. Suppose 4*l - r - 207 = 0. Let q be 1/(-2)*(-168)/3. Calculate the highest common factor of q and l.
14
Let v = -216 - -223. Suppose 0 = 20*k - 21*k + v. Calculate the highest common factor of 7 and k.
7
Let l(r) = 36*r**2 + 7*r - 14. Let g be l(2). What is the highest common divisor of 1536 and g?
48
Suppose -3*s - 2*s = h + 20, -2*h + 15 = -s. Suppose -2*b = r - 4*b - 52, 4*b = h*r - 284. What is the highest common divisor of 24 and r?
12
Let u be (-144)/192*(-14044)/18 + (-4)/24. What is the highest common divisor of 105 and u?
15
Suppose -12*i + 49894 = -27978 - 59576. Calculate the greatest common divisor of 138 and i.
138
Let p be (2 - 75/6)*(-88)/(-198)*-51. Calculate the greatest common factor of p and 826.
14
Suppose 7*t - 37 = -9. Suppose -3*n - 3*q = -93, 5*n - t*q + 0*q = 146. Calculate the greatest common factor of 12 and n.
6
Suppose 0 = a + 34 - 9. Let s(b) = -4*b + 25. Let j be s(-3). Let o = a + j. What is the greatest common divisor of 18 and o?
6
Let l be (-11 - -1 - -2) + 468 + -122. Calculate the highest common factor of l and 1430.
26
Suppose 120 = -49*w + 28*w + 29*w. Let c(l) = -95*l. Let d be c(-3). What is the greatest common factor of d and w?
15
Suppose -11*z - 72 = 82. Let o be 156/(-273) + (-246)/z. Calculate the highest common factor of 17 and o.
17
Let p be (-21)/(-5) - 4/20. Suppose -i + 3 = p*i + 4*l, -2*i - 5*l = 9. Let w be (-8)/(2/(-2)) + (-3 - -4). Calculate the greatest common divisor of w and i.
3
Let y(u) = -171*u - 627. Let b be y(-4). Suppose 0 = 2*z - 23 - 15. What is the greatest common divisor of z and b?
19
Let o = 23 + -94. Let m = 113 + o. Suppose 0 = 3*z + 15 - m. Calculate the greatest common divisor of z and 6.
3
Let k = -497 + 755. Suppose 62*g - k = 424. Suppose 2*p - 5*v = 220, -2*p + v = p - 330. Calculate the greatest common factor of p and g.
11
Let d be (-6)/(-4)*518/21. Let q(z) = 11*z**2 - 129*z - 763. Let s be q(-6). What is the highest common divisor of s and d?
37
Suppose 13 = 3*c - 4*t, 0 = -5*c - 5*t - 17 - 8. Let g be 522*(-26)/(-39)*c/(-2). Calculate the highest common factor of g and 116.
58
Let c = -7 - -7. Let z be (2/(c + 2))/(2/8). Let w be (-3)/12 - (-121)/z. What is the greatest common divisor of w and 120?
30
Let i(t) = 172*t**3 - 4*t**2 - 9*t + 9. Let x be i(1). Calculate the greatest common factor of x and 3288.
24
Let n be (-658)/2 - (39 + -34). Let m = n - -348. Let r be 56/(-10)*30/(-4). Calculate the highest common factor of r and m.
14
Let k = 756 - 740. Let d = 6 - -8. Calculate the greatest common factor of k and d.
2
Let m(y) = -390*y + 1611. Let o be m(-13). What is the greatest common factor of o and 51?
51
Suppose 5 = 3*f - 2*r, 4*r + 3 = -9*f + 8*f. Let g be 5 + 5 + 1 + -4. Suppose g = 3*d - 8. Calculate the highest common divisor of f and d.
1
Suppose -789*i - 13 = -790*i. What is the highest common divisor of 1027 and i?
13
Let y = 26 - 21. Suppose y*c = 16 + 4. Suppose 5*v = k + 149, -c*v + k - 1 = -120. Calculate the highest common divisor of 15 and v.
15
Let f = 8795 - -4911. Calculate the greatest common factor of 154 and f.
154
Let m(t) = 6*t**3 - t**2 + 5. Let j be (-6)/(-1)*32/96. Let b be m(j). Calculate the greatest common divisor of 539 and b.
49
Let t(m) = m**2 + 5*m + 7. Let y be (15/6)/((-2)/4). Let o be t(y). Let c = 11 - o. What is the greatest common divisor of c and 8?
4
Let t = 22 - 8. Suppose -7*o = -9*o + 16. Let a(v) = 2*v**2 - 2*v - 14. Let u be a(o). Calculate the greatest common divisor of u and t.
14
Let n = 16364 + -11367. Calculate the greatest common divisor of n and 19.
19
Let d(g) = 2*g + 32. Let q be d(-13). Let x be q/((-18)/(-15)) + 2. Suppose -p - b - b = -x, b - 56 = -4*p. Calculate the highest common divisor of p and 45.
15
Let j(m) = -m**2 + 35*m + 6902. Let b be j(-67). Let d(y) = 29*y**3 - 4*y**2 + y - 2. Let z be d(3). Calculate the greatest common divisor of z and b.
68
Suppose -5*k + 2*j + 1692 = 0, 0 = 2*k - 0*j - 4*j - 664. Suppose -3*f = -f - k. Suppose -18*a = -22*a + 136. What is the highest common divisor of a and f?
34
Let q(h) = 3*h**2 + 7*h + 345. Let i be q(-33). What is the highest common factor of 23 and i?
23
Let q = 14792 - 13362. What is the greatest common divisor of 1170 and q?
130
Let b be 8/2 - ((-1)/1 + 2). Let y be (-3 + b + -14)/((-1)/4). What is the greatest common factor of y and 616?
56
Suppose 0 = 2*b + 5*o - 14 - 12, 4*b + o - 52 = 0. Let x be 20/(-5) - -3*(1416/9 - 0). What is the greatest common factor of b and x?
13
Let d = -27901 + 39053. What is the greatest common factor of d and 32?
16
Let f = -2 - -5. Let l be 0/(f + (4 - 6)). Suppose -3*q + 120 = -l*q. Calculate the greatest common factor of 4 and q.
4
Let w(m) = -m**3 + 8*m**2 + 13*m - 21. Let n be w(9). Let f = n + 97. Suppose -2*k - f = -9*k. Calculate the greatest common divisor of 80 and k.
16
Let x be 22/(8*(-6)/(-72)). Suppose 406 = 3*l + 2*k, 9 + 250 = 2*l - k. What is the greatest common divisor of x and l?
33
Suppose -2*f = -5*s - 53 - 428, -3*s - 15 = 0. Let x be f/(-7)*70/(-15). Calculate the highest common divisor of x and 19.
19
Let s be (-54)/(-5)*(-195)/(-6). Let h = 1762 + -1753. Calculate the greatest common divisor of s and h.
9
Suppose 1520 = 5*s - 5*j, 3*s - 4*j - 907 = -2*j. Let m = -85612 + 85625. What is the highest common factor of s and m?
13
Let n be -120*(-11)/(-110)*-5. What is the highest common divisor of n and 57?
3
Suppose 254*i - 498813 = -43*i + 621768. What is th